b(q). List the prime factors of h(-2).
19
Let u(s) = -37*s + 147. Let b be u(-19). Suppose h + 1685 = 3*h - 3*a, 0 = -h + 4*a + b. List the prime factors of h.
2, 419
Suppose -5*k = -75 - 5. Let p = 17 + k. Suppose -32*m = -p*m + 49. What are the prime factors of m?
7
Let z = 81311 + -55110. List the prime factors of z.
7, 19, 197
Suppose 276 = -l + 4*p + p, -1058 = 4*l + 3*p. Let x = l - -635. What are the prime factors of x?
3, 41
Let d(p) = -29*p - 24. Let v be (-4)/8 - (5/(-2))/5. Suppose v = -3*g + 10 - 28. What are the prime factors of d(g)?
2, 3, 5
Let t be 3 + 180*(4 - 10/25). Suppose 3*s - 5*u = 457, 2*u + 166 = -3*s + t. What are the prime factors of s?
3, 53
List the prime factors of 12/(-26) + (-10349352)/(-1014).
2, 3, 7
Suppose -32*g + 35*g = 5*z + 815, 652 = -4*z + g. Let s be (7*57)/((-6)/(-4)). Let x = s + z. List the prime factors of x.
103
Let r be ((-6 - -3) + 5)/1. List the prime factors of (r/4 - -3)/((-1)/(-198)).
3, 7, 11
Suppose 0 = -3*s - 4*n + 16372, -5*n - 12973 = -2*s - 2020. What are the prime factors of s?
2, 683
Let s(z) = 13*z - 7. Let q(m) = m**3 - m**2 - 2*m**2 - 19 + 7*m + 18 - 2*m**2. Let y be q(3). List the prime factors of s(y).
19
Suppose -93 = 3*n - 2*g - g, -57 = 2*n + 3*g. What are the prime factors of ((-1154)/6 + 1)*n/20?
7, 41
Let p = -44 + 46. Suppose 0 = j + p. What are the prime factors of (-234)/(-9) + j/(-2) + -1?
2, 13
Let n = -42 - -31. Let x be (n - -7)*(-1 + 42). Let d = -72 - x. List the prime factors of d.
2, 23
Let r be (-277)/1*(-18)/(-48)*8. List the prime factors of ((7 - 6) + 3)/((-6)/r).
2, 277
Suppose -2*b + 68 = 4*h - 92, 186 = 5*h - b. What are the prime factors of 28*22 - 228/h?
2, 5, 61
Let f be -1 - 145*((-19)/5 + -3). Suppose 5*g + f = -3*w + 3717, w - 5*g - 924 = 0. List the prime factors of w.
2, 457
Suppose -2*z = 3*l + 2, 25*z - 24*z - 21 = 4*l. Suppose -z*r - 5*i + 435 = 0, -i = i + 2. List the prime factors of r.
2, 11
Let p(u) = u**2 - 5*u - 5. Let t(r) = 4*r**2 - 34*r + 12. Let q be t(8). Let w be 5 - -5 - (q - -2). What are the prime factors of p(w)?
79
Let b(x) = -x**2 + 2*x + 170. Let w be b(0). Suppose k + o - 56 = w, -5*o = 10. Let h = k - 111. List the prime factors of h.
3, 13
Suppose -6 - 34 = 5*d. List the prime factors of d/8 + 981/3.
2, 163
Suppose 20*m - 166*m - 233375 = -1215225. List the prime factors of m.
5, 269
Suppose 0 = -2*h + w + 16094, -h + w + 4*w + 8029 = 0. List the prime factors of h.
3, 2683
Suppose 0 = 3*h - 115 + 109. Suppose 0 = h*v - m - 863, 5*m - 80 = 5*v - 2225. List the prime factors of v.
2, 7, 31
Suppose 296 + 24 = 4*y. Suppose -518 = -2*d - 524. Let w = d + y. What are the prime factors of w?
7, 11
Suppose 0 = 31*v - 30049 - 59169. Suppose -5*c = 22*p - 18*p - v, 5*p - 3618 = 4*c. What are the prime factors of p?
2, 19
Suppose -3 + 239 = -4*m. Let r = -59 - m. List the prime factors of 8 + -1 + r + -1.
2, 3
List the prime factors of ((-4)/30)/((-22)/4106685).
24889
Let h(b) = -b**3 - 13*b**2 - 22*b - 19. Let t be h(-12). Let g = 477 - t. What are the prime factors of g?
2, 47
Let a = -59 + 56. Let f be ((-6)/(-4))/((-6)/12) - a. List the prime factors of 74 - (f - -1 - (13 + -14)).
2, 3
Let t(q) = q**3 - 11*q**2 - 13*q + 15. Let j be t(12). Let n(s) = 13*s - 15*s**2 - j + 17*s**2 - 2*s. What are the prime factors of n(-9)?
2, 3, 5
Let f(r) = -2*r - 2. Let a be f(-3). Suppose -a*v + 18 = -2*u + 194, u = v + 88. Suppose -p + 0*d = 5*d - u, 5*p = -4*d + 440. What are the prime factors of p?
2, 11
Suppose -17*n = -18*n - 10. Let m(w) = -19*w - 9. Let r be m(n). Suppose -r - 59 = -3*l. What are the prime factors of l?
2, 5
Let y = 433 + -432. Suppose o + 3*f = 568, 2*f - 3 + y = 0. List the prime factors of o.
5, 113
Suppose 4*w - 5*i = 6559, 0*w + 2*w + 3*i - 3285 = 0. What are the prime factors of w?
3, 547
Let x = -439 + 443. List the prime factors of 104956/114 - x/6.
2, 5, 23
Let d be ((-558)/63)/((-2)/14). Suppose -f + 5*p = -d - 27, -4*f = 3*p - 241. List the prime factors of f.
2
Suppose 0*a = -a + 4. Suppose -d = -4*v + d + 50, -a*d = 4. Let l = v + 45. What are the prime factors of l?
3, 19
Let g(v) = 2*v**2 - 14*v - 2. Let f(p) = -p**2 + 7*p + 1. Let t(y) = -5*f(y) - 2*g(y). Let m be t(7). What are the prime factors of (m - -1)/(8 - 10) + 55?
5, 11
Let o(r) = r**3 - 3*r**2 - r + 695. Let y be o(0). Suppose -8*g + 5*k + y = -3*g, 427 = 3*g + 2*k. What are the prime factors of g?
3, 47
Let p = -20 + 24. Suppose 0*a - 4*a = 3*j - 35, -2*a = -p. Suppose -j*g = 4*g - 130. List the prime factors of g.
2, 5
Let a(q) = -483*q**3 + q**2 + 130*q + 676. List the prime factors of a(-5).
2, 3, 373
Let t be ((-10600)/120)/((-1)/(-3)*-1). Let k = 57 + t. What are the prime factors of k?
2, 7, 23
Suppose 5*v + 9340 = 5*t, t + 362 = -4*v + 2205. What are the prime factors of t?
3, 23
Let y(z) = 121*z**2 + 76*z + 204. List the prime factors of y(-15).
3, 23, 127
Suppose 44 = 29*p - 7*p. Suppose p*l - 2565 - 771 = -4*u, 5*u = -4*l + 6675. List the prime factors of l.
2, 5, 167
Let x(q) = 9*q**2 + 64*q + 7. Let l be x(-7). Suppose 23*t - 2210 - 573 = l. List the prime factors of t.
11
Let t(m) = 145*m - 56. Let o be t(7). Suppose 8*g = 4665 + o. List the prime factors of g.
19, 37
Suppose 39*m + 24 = 38*m. What are the prime factors of (-12220)/m + 2/(-12)?
509
Let p(l) be the first derivative of -7*l**4/2 + l**3/3 - l**2 - 3*l + 16. Let z be p(-1). List the prime factors of (-6)/z - 720/(-63).
11
Let x be 3 + 16 - (0 - -1). Let z = x + -20. Let j(i) = 18*i**2 + 4*i + 6. List the prime factors of j(z).
2, 5, 7
Suppose 0 = -2*l - 4, -29*c - 5*l - 151006 = -33*c. What are the prime factors of c?
3, 12583
Suppose 3*y + 44 = -2*z, 3*y + 29 = y - z. Suppose 0 = 3*n - 3*o + 2745 - 384, 3*n + 3*o + 2391 = 0. What are the prime factors of (y/6)/(3/n*4)?
2, 7, 11
Suppose -60 = -2*p - 5*u, -2*p + 18 = -5*u - 82. Let c be (-32)/p*(-2 + 7) + 3. List the prime factors of (-282)/c*(11/(-2))/(-11).
3, 47
Suppose 2*n + 2*v + 80 = 5*v, 4*v - 156 = 4*n. Let j = n + 43. Suppose -5*m - 45 = -j*m. List the prime factors of m.
3, 5
Suppose 21*q = -23006 + 464599 + 140716. List the prime factors of q.
3, 13, 79
Suppose -24*g = -105308 - 118540. What are the prime factors of g?
3, 3109
Let a(i) = i**2 - 6*i + 7. Let q be a(6). Let w(k) = 102*k - 412. Let r be w(4). What are the prime factors of (q/r)/((-14)/224)?
2, 7
Let i be (-2 - -2)*(80/(-24))/10. Let g(k) = -34*k + 145. List the prime factors of g(i).
5, 29
Let t = 17427 - 12281. List the prime factors of t.
2, 31, 83
Suppose 23*x - 5436 = 21*x. Let l = x + -1346. List the prime factors of l.
2, 7
Let u = 125 - 92. Suppose 5*m - u - 24 = -2*g, 4*g + m = 141. List the prime factors of ((-44)/(-8))/(3 - 105/g).
2, 3, 11
Let k(u) = -4*u**3 - 113*u**2 - 31*u - 24. List the prime factors of k(-29).
2, 1699
What are the prime factors of 11691/11 + 0 + 5*(-14)/(-385)?
1063
Suppose 18*m - 4*q - 51746 = 15*m, 5*m - 3*q - 86236 = 0. List the prime factors of m.
2, 8623
Let v(y) = -y**2 - 141*y - 72. What are the prime factors of v(-83)?
2, 2371
Suppose -4*t - 5*d - 40 = 0, -20 = 2*t - 19*d + 17*d. List the prime factors of 9 + 50/t + 1124.
2, 3, 47
Let n(f) = 1468*f + 118. List the prime factors of n(6).
2, 4463
Let j(p) = 651*p**2 + 2263*p + 9055. What are the prime factors of j(-4)?
3, 23, 151
Suppose 932 = -3*s - 5*f + f, 2*s - 4*f + 628 = 0. Let c = 1052 + s. List the prime factors of c.
2, 5, 37
Let j = -5 - -45. Let d = j - 38. Suppose -5*c - 3*n + 159 = -0*n, 3*n = -d*c + 60. What are the prime factors of c?
3, 11
Let q(u) = -203*u**2 + 216*u**2 + 18 + 8*u + 5*u + 9*u + 9*u. List the prime factors of q(-8).
2, 7, 43
Let b = 1940 - -12819. What are the prime factors of b?
14759
Suppose -19*i - 4967 = -21*i + 3*c, 0 = -5*i + 4*c + 12407. What are the prime factors of i?
37, 67
Suppose 0 = -5*i + 3*h - 78, -2*h = -3*i - h - 46. Let r(t) = -13*t + 23. Let d be r(i). Let f = d - 135. List the prime factors of f.
83
Suppose 38*x + 2*x = 74280. Suppose 3*r - 3*t - x = -276, 3*t = 5*r - 2645. List the prime factors of r.
2, 7, 19
Let z(w) = 9*w**2 + 17*w - 5. Suppose -o + 1 = -t + 11, 4*t = 12. List the prime factors of z(o).
317
Let n(o) = -9*o**2 + 4*o + 2. Let v(i) = i**3 + i + 1. Let a(c) = -n(c) - v(c). Let t be 